**3 - 12*h**2 - 4*h + 3. Suppose -9637*m = -9608*m + 319. Give r(m).
-74
Let w(x) = -x**2 - 11*x - 22. Suppose 2*f + 4*y = 16, -72 = 1128*f - 1124*f - 5*y. Give w(f).
2
Let d(i) = i + 2. Let j = 41 - 39. Suppose -j*c + 3*c - 4 = 0. Let f be d(c). Let z(x) = 2*x - 9. Calculate z(f).
3
Let q(n) = -884 + 1769 + 15*n - 887. Determine q(-6).
-92
Let y(b) be the third derivative of 1/2*b**4 + 0*b + 179*b**2 + 1/60*b**5 - 5/3*b**3 + 0. Give y(-13).
3
Let v(n) be the second derivative of -n**5/10 + 7*n**4/4 - 11*n**3/3 - 21*n**2 - 10417*n. Calculate v(9).
3
Let q(n) = -10*n - 20. Let c be q(-2). Let d(t) = -9*t - 1. Let k be d(-8). Suppose -4*i - 23 + k = c. Let o(g) = -g**2 + 13*g - 17. Determine o(i).
-5
Suppose -2*r = -3*f - 7 + 96, -5*r = 4*f - 134. Suppose -9*v + 5 + f = 0. Suppose 0 = v*l + 17 + 7. Let n(i) = i**2 + 6*i - 2. Give n(l).
-2
Let d be (18 - 4)/1 + -1. Suppose d*k + 306 = 423. Let t(j) = 4*j - 9. Give t(k).
27
Suppose 5*n + 732 = 42*n + 85*n. Let p(c) = c**2 + 5*c - 14. What is p(n)?
52
Let y = -26 + 34. Let i(l) = 7*l + 304*l**2 - 305*l**2 - 50 + 59 + 0*l. Determine i(y).
1
Suppose 0 = -4*n - 3*z - 7, 2*n - 4*z - 10 = 7*n. Let x(g) = -8 + 6*g + 2*g + 8*g**n + 13 + 2*g**3 - g**3. Determine x(-7).
-2
Let q(h) = h**3 - 11*h**2 + 20*h + 33. Suppose 6702*d = 6647*d + 440. Calculate q(d).
1
Let u(s) = 7063 - 2346 - s**2 - 2347 - 2327 + 12*s. Give u(15).
-2
Let b(g) = -5*g**2 - 322*g - 176. Let a(s) = s**2 + 73*s - 1. Let j(v) = -4*a(v) - b(v). What is j(-8)?
4
Let v(s) = -2*s**2 + 4*s + 1. Let f(k) = 4 - 10*k**2 + 1 + 21*k + 1. Suppose 3*z + 1803 = 1836. Let l(c) = z*v(c) - 2*f(c). Calculate l(1).
-1
Let m(k) = 13*k**2 + 9*k. Let f(x) = 35*x**2 + 26*x + 1. Let o(y) = 3*f(y) - 8*m(y). What is o(-3)?
-6
Suppose -29 = 5*n - 3*v + 8, n + 9 = v. Let c = 7 - 3. Let q(f) = 2 + 4 - f - c. What is q(n)?
7
Suppose -3*v - 5 - 3 = -a, v = -a + 20. Let z(m) = a*m - 3 - 4*m - 13*m - 8*m. What is z(-2)?
13
Let z(a) be the first derivative of -a**4/4 + 8*a**3/3 - 4*a**2 - a + 1574. Calculate z(6).
23
Let b(j) = j**2 - 29*j + 6. Suppose 2*t = -5*n + 48, n - 27 = -0*t - t. Let a be b(t). Let d(i) = -i**2 + 7*i + 5. Give d(a).
11
Let c(q) = -27*q + 19. Let j = -32 - -21. Let w(u) = -5*u + 4. Let i(t) = j*w(t) + 2*c(t). Determine i(11).
5
Suppose -5*r + 3*r + 12*r - 600 = 0. Suppose k = -0*k + 5*v + 24, -12 = -4*v. Let o(z) = 2 - r*z + 1 - 2 + k*z. Calculate o(1).
-20
Let b(v) = -12*v**2 - 5*v - 21. Let q(k) = 37*k**2 + 14*k + 57. Let a(s) = -8*b(s) - 3*q(s). Give a(-2).
-59
Let b(g) = -g**3 - 15*g**2 + 77*g + 4. Let u be b(4). Let z(q) = q**3 - 8*q**2 - 2*q + 11. Give z(u).
-5
Let u(q) = q**2 - 29*q - 90. Let o = -2858 + 2890. Calculate u(o).
6
Let x(v) = -4*v**2 - 29*v - 51. Let p(l) = -1041*l - 9373. Let n be p(-9). What is x(n)?
1
Let d(m) = -m**3 - 9*m**2 + 2*m + 2. Let t = 323 + -319. Suppose 10 = -5*p, t*w + 38 = -2*p + p. Give d(w).
-16
Let q be 8/(-3) - 20*(-1704)/(-720). Let n(o) = -9*o - 440. Determine n(q).
10
Let p(i) = 5*i - 698 + 4*i + 697. Let w(d) = -26*d + 10. Let r(h) = 3*p(h) + w(h). Let m(k) = -k**3 + 6*k**2 - 3*k + 9. Let s be m(6). What is r(s)?
-2
Let s be (108/(-45))/((-3)/20). Let j(q) = -q + 7. Let n be j(s). Let a be (-6)/(3*(-3)/n). Let p(t) = -t**3 - 7*t**2 - 6*t + 2. Calculate p(a).
2
Let w(s) = 4*s - 8. Suppose -4*j + 24 = -5*p, -68*j - 12 = -70*j + 3*p. Let n(g) = g - 2. Let b(q) = j*w(q) - 22*n(q). Calculate b(2).
0
Let a(r) = -3*r + 1. Let c(m) = 10*m**2 + 2*m - 1. Let z(b) = -a(b) - c(b). Let v(f) = f + 11. Let t be v(-8). Let u be ((-2)/6)/(1/t). Calculate z(u).
-11
Let s(o) = -o**3 + 3*o**2 + o - 4. Let m be s(2). Suppose -5*v = g - 8, 5*g = m*v + 27 + 13. Let n(z) = 2*z + 6. Calculate n(g).
22
Let s(c) = -c**2 + 8*c - 5. Let o(y) = 4*y**2 - 76*y + 8. Let j be o(19). Let v(z) = -3*z + 30. Let x be v(j). Give s(x).
7
Suppose -5*v - 31 = 6*l, -l - 7 = -19*v + 18*v. Let m(t) = 14*t**3 + 4*t - 4. Give m(v).
14
Let s(b) = -21*b - 38. Let k(z) = -68*z - 107. Let h(i) = -4*k(i) + 14*s(i). Give h(-5).
6
Let s be (-19*4/6)/(4/(-6)). Suppose s = -c + 25. Let o(n) = n**3 - 5*n**2 - 7*n + 2. Give o(c).
-4
Let i(j) = -j**3 + 33*j**2 + 3*j - 93. Let w = 6039 - 6006. What is i(w)?
6
Suppose 29 = -3*t + 8. Let c be (-99)/21 + 2/t. Let g(p) = -42*p**2 - 3*p - 10*p**2 - 14*p**2 - 3*p + 65*p**2 - 7. Give g(c).
-2
Let f be (24/10)/((-11)/220). Let n be f/(-21) + (-6)/21. Let b(m) = m**2 + m + 13 - m**3 - n*m**3 - 13. Determine b(-1).
3
Suppose -5*s = 4 + 21. Suppose -5*k + 6 + 4 = 0. Let a be k*s/(-30)*-3. Let b(p) = -10*p**3 + p**2 - 1. What is b(a)?
10
Let o(j) be the third derivative of -1/24*j**4 - 1/6*j**3 + j**2 + 1/10*j**5 - 49 + 0*j. Determine o(2).
21
Let n(j) = -j**3 - 8*j**2 + 39*j + 284. Let q be n(-9). Let k(a) = -a**3 + 15*a**2 - 9*a - 63. Calculate k(q).
7
Let k(m) be the first derivative of -m**3/3 - 3*m**2 + 8*m + 986. Calculate k(-7).
1
Suppose -3*w + 320 = 20*w + 9*w. Let r(f) = f - 10. Give r(w).
0
Let k = -6045 - -6049. Let t(m) = 13*m - 44. Determine t(k).
8
Let w(b) = -b - 24. Suppose -5*z - 2*v + 3884 = 0, -z + 4*v - 257 = -1025. Let h = z - 788. What is w(h)?
-12
Let z be 100/8 + (-9)/6. Suppose -5*s = -z + 6. Let i(u) = 12 - 3*u + 1 - 6 - s. Determine i(6).
-12
Let d be -9 - (22 + -21)*-13. Let v(i) = i. Let q(y) = -10*y + 6. Let z(u) = q(u) + 6*v(u). Give z(d).
-10
Suppose -2*x = -1227 - 855. Suppose -3*y - x = -1023. Let a(c) = c**2 + 8*c - 1. Give a(y).
-13
Let q = -292 + 532. Suppose -i = 5*p - 0*i - q, p - 34 = -3*i. Let s(d) = -100 + 5*d + 50 + p - 2*d. What is s(7)?
20
Let t(g) = -2*g - 2. Let y(i) = 13*i - 86. Let b(v) = -9*t(v) - y(v). What is b(-20)?
4
Let l(n) = 2*n - 3*n**2 + 1262 - 4*n**2 - 1258 - n**3. Suppose -v + 1 = 15. Let k be v*(-3)/15*5/(-2). Give l(k).
-10
Let g be 0/(-2) - 2184/520*15/9. Let r(x) = x**2 + 7*x + 11. What is r(g)?
11
Let w(q) be the first derivative of q**2 + 30*q + 288. Determine w(-15).
0
Let l(q) be the second derivative of -q**4/12 - q**3/6 + q**2/2 + 7*q. Suppose -4*s + 23 = 3*a, -15*s + 15 = -12*s. Give l(a).
-1
Let q(r) = 0 + r**2 - 1 + 4871762*r - 4871757*r. Let x(z) = z**3 - z**2 + z - 7. Let w be x(0). Give q(w).
13
Let k(q) be the third derivative of -q**6/120 + 7*q**5/60 - 7*q**4/24 - q**3/2 - 48*q**2 + 2. Give k(7).
-52
Let r(i) = -3*i - 9. Let y(k) = 7 - 5 + 3 + k. Let o(m) = 3*r(m) + 5*y(m). Give o(-3).
10
Let h(a) = 9*a - 26 + 19 + 23 + 19*a + 15*a - 23*a**2 + a**3. What is h(21)?
37
Let s = 29 + -21. Suppose -2*g - s = -6*g. Let r(t) = -33*t + t**2 + 1 + t**2 + 31*t. What is r(g)?
5
Let v(j) = -5*j**3 - 2*j**2 + 2*j - 1. Let t be v(1). Let w(d) = 4*d + 68. Let u be w(-13). Let p(s) = -s + 8 + 10 - u. Calculate p(t).
8
Let a(m) = 360*m - 391. Let z(n) = 535*n - 392. Let p(w) = 3*a(w) - 2*z(w). What is p(39)?
1
Let r(q) = 36*q - 31. Suppose -87*w - 16*w + 88 = -15. Calculate r(w).
5
Let k = 3 - 1. Let g(f) = 10 + 0 - k + f. Let d be ((-275)/(-35))/11 + (-666)/(-126). Calculate g(d).
14
Suppose 0*w = 4*c + w - 12, 5*w + 20 = 0. Let p(f) = c*f - 5 + 10*f**2 + 12*f**2 - 21*f**2. Let r be (16/6)/((-2)/3). Calculate p(r).
-5
Let n(v) = -v**2 + 12*v - 18. Let q be (-52 - -53)*(-2 - (-10)/2). Let f be n(q). Let k(z) = z**2 - 12*z + 12. What is k(f)?
-15
Suppose 95*y - 70*y = 0. Let h(w) = -2*w - 38. Give h(y).
-38
Let o(b) be the third derivative of b**8/10080 + b**7/840 + b**6/180 - 101*b**5/60 - 3*b**2 - 2*b. Let g(n) be the third derivative of o(n). Calculate g(-4).
12
Let l = 677 - 691. Let o(y) = 8*y + 92. What is o(l)?
-20
Let b(p) = -p - 12. Suppose -254*i = -251*i + 6. Let h(d) = 14. Let n(c) = i*b(c) - 3*h(c). Calculate n(7).
-4
Let x(r) = 78*r + 159. Suppose -y = -2*q + 4, 0 = q + 4*y - 3 + 37. Determine x(q).
3
Let h(k) = 4*k**2 - 74*k - 12. Let r(i) = -3*i**2 + 38*i + 5. Let d(n) = -3*h(n) - 5*r(n). Determine d(-11).
22
Let v(x) be the third derivative of -x**6/120 + x**5/6 - x**4/8 + x**3/2 - 1926*x**2. Give v(9).
57
Let d(p) = -34*p + 3635. Let g be d(107). Let o(w) = -w**2 + 16*w + 55. What is o(g)?
-2
Let l(a) = -4*a**2 + a + 5. Suppose -5*g + 3*f - 4 = 0, 389*g = 392*g - 3*f. What is l(g)?
-13
Let l be 21/6*(40 - -6 - 6). Suppose 145*i = l*i + 45. Let p(r) = r**3 - 10*r**2 + 9*r - 10. Give p(i).
-10
Let j(y) = y**3 - 5*y**2 - 37*y + 157. Let q be 0